inder when 203870 is divided by 4735.
265
What is the remainder when 1516251 is divided by 2531?
182
What is the remainder when 146865 is divided by 73381?
103
What is the remainder when 3598296 is divided by 57?
0
What is the remainder when 5797006 is divided by 550?
6
What is the remainder when 7590329 is divided by 363?
362
What is the remainder when 679702 is divided by 17883?
148
Calculate the remainder when 6537959 is divided by 18.
17
What is the remainder when 570762 is divided by 300?
162
What is the remainder when 1835611 is divided by 51?
19
What is the remainder when 74331 is divided by 7?
5
What is the remainder when 180462 is divided by 12868?
310
What is the remainder when 1672948 is divided by 86?
76
Calculate the remainder when 6347777 is divided by 705304.
41
What is the remainder when 133280 is divided by 14020?
7100
What is the remainder when 641040 is divided by 7295?
6375
Calculate the remainder when 956449 is divided by 956115.
334
Calculate the remainder when 2507230 is divided by 168.
166
What is the remainder when 292141 is divided by 2497?
2489
What is the remainder when 55978 is divided by 6173?
421
Calculate the remainder when 92136 is divided by 1056.
264
Calculate the remainder when 28538 is divided by 2539.
609
Calculate the remainder when 634943 is divided by 989.
5
What is the remainder when 11443 is divided by 4796?
1851
What is the remainder when 1662094 is divided by 4776?
46
Calculate the remainder when 16965022 is divided by 986.
892
Calculate the remainder when 102672 is divided by 1710.
72
Calculate the remainder when 8600660 is divided by 203.
159
What is the remainder when 95058 is divided by 11881?
10
What is the remainder when 692083 is divided by 36378?
901
Calculate the remainder when 634017 is divided by 633973.
44
What is the remainder when 4808286 is divided by 574?
462
What is the remainder when 57665 is divided by 57542?
123
Calculate the remainder when 886144 is divided by 9227.
352
What is the remainder when 281204004 is divided by 154000?
4
What is the remainder when 23606365 is divided by 1573757?
10
What is the remainder when 6617694 is divided by 1075?
1069
Calculate the remainder when 9711734 is divided by 799.
688
Calculate the remainder when 18021013 is divided by 3133.
3130
Calculate the remainder when 55579 is divided by 169.
147
What is the remainder when 2053756 is divided by 107?
105
Calculate the remainder when 5491129 is divided by 2036.
37
Calculate the remainder when 2424624 is divided by 1932.
1896
Calculate the remainder when 176640 is divided by 6526.
438
What is the remainder when 3034999 is divided by 252907?
115
What is the remainder when 2011754 is divided by 502933?
22
What is the remainder when 9915439 is divided by 285?
4
What is the remainder when 3134267 is divided by 261178?
131
What is the remainder when 2896557 is divided by 3145?
12
Calculate the remainder when 29626327 is divided by 568.
15
Calculate the remainder when 11725 is divided by 102.
97
What is the remainder when 5849503 is divided by 3186?
7
Calculate the remainder when 8015070 is divided by 52.
50
What is the remainder when 20301564 is divided by 29?
27
Calculate the remainder when 2451098187 is divided by 49.
48
Calculate the remainder when 240167 is divided by 18433.
538
Calculate the remainder when 122241473 is divided by 27.
26
Calculate the remainder when 8758 is divided by 1668.
418
Calculate the remainder when 3005928 is divided by 715.
68
Calculate the remainder when 1204451 is divided by 4042.
3977
Calculate the remainder when 344685 is divided by 114394.
1503
Calculate the remainder when 1884781 is divided by 21916.
5
Calculate the remainder when 214056083 is divided by 754.
7
Calculate the remainder when 189057 is divided by 94509.
39
Calculate the remainder when 666262 is divided by 2467.
172
Calculate the remainder when 11696318 is divided by 3898767.
17
Calculate the remainder when 21538041 is divided by 224.
217
Calculate the remainder when 233284 is divided by 4.
0
What is the remainder when 150865 is divided by 4195?
4040
What is the remainder when 43514 is divided by 35?
9
What is the remainder when 19182738 is divided by 5?
3
What is the remainder when 2321015 is divided by 27?
14
Calculate the remainder when 28154471 is divided by 36.
23
Calculate the remainder when 218756 is divided by 757.
740
What is the remainder when 11062672 is divided by 2765661?
28
Calculate the remainder when 338000 is divided by 694.
22
What is the remainder when 8124053 is divided by 2707991?
80
What is the remainder when 572412 is divided by 2567?
2538
Calculate the remainder when 8648305 is divided by 4324147.
11
What is the remainder when 237494 is divided by 23?
19
Calculate the remainder when 18728116 is divided by 194.
132
What is the remainder when 6038723 is divided by 2012480?
1283
Calculate the remainder when 160095 is divided by 2539.
138
What is the remainder when 12816451 is divided by 2136075?
1
What is the remainder when 3702938 is divided by 127?
126
What is the remainder when 31869 is divided by 37?
12
What is the remainder when 733518 is divided by 104738?
352
Calculate the remainder when 1077093 is divided by 4111.
11
Calculate the remainder when 139942 is divided by 279.
163
Calculate the remainder when 121289565 is divided by 7.
5
Calculate the remainder when 6963732 is divided by 6436.
6416
Calculate the remainder when 1336323335 is divided by 2936.
2935
Calculate the remainder when 6966989 is divided by 2759.
514
What is the remainder when 3579 is divided by 2421?
1158
What is the remainder when 172451 is divided by 2103?
5
What is the remainder when 20836527 is divided by 78?
75
Calculate the remainder when 21579731 is divided by 2516.
2515
What is the remainder when 285677 is divided by 1162?
987
What is the remainder when 1576291 is divided by 3674?
145
What is the remainder when 669807 is divided by 669751?
56
What is the remainder when 37869238 is divided by 471?
367
What is the remainder when 28664 is divided by 1699?
1480
Calculate the remainder when 18715158 is divided by 2339392.
22
Calculate the remainder when 1584176 is divided by 10355.
10216
What is the remainder when 45660 is divided by 3372?
1824
Calculate the remainder when 611687 is divided by 26576.
439
What is the remainder when 5078482 is divided by 1206?
16
Calculate the remainder when 61243 is divided by 888.
859
What is the remainder when 19948171 is divided by 29729?
12
What is the remainder when 22341 is divided by 1351?
725
What is the remainder when 48000701 is divided by 533341?
11
Calculate the remainder when 418663 is divided by 648.
55
What is the remainder when 44633 is divided by 3626?
1121
What is the remainder when 21771700 is divided by 31?
28
What is the remainder when 1457687 is divided by 1457282?
405
Calculate the remainder when 18067179 is divided by 3498.
9
Calculate the remainder when 28677270 is divided by 88510.
30
What is the remainder when 49557 is divided by 851?
199
Calculate the remainder when 14833382 is divided by 116.
114
Calculate the remainder when 244612802 is divided by 5.
2
Calculate the remainder when 100884 is divided by 3475.
109
What is the remainder when 17368952 is divided by 17368940?
12
What is the remainder when 17573818 is divided by 3456?
58
What is the remainder when 71311 is divided by 3811?
2713
What is the remainder when 832532 is divided by 719?
649
Calculate the remainder when 2443237 is divided by 49.
48
What is the remainder when 30997989 is divided by 3?
0
Calculate the remainder when 239145 is divided by 1123.
1069
Calculate the remainder when 44284594 is divided by 51.
19
What is the remainder when 38353106 is divided by 49?
22
What is the remainder when 617091 is divided by 10280?
291
Calculate the remainder when 89455 is divided by 353.
146
Calculate the remainder when 64126 is divided by 2954.
2092
Calculate the remainder when 792739 is divided by 2108.
131
Calculate the remainder when 30337165 is divided by 2919.
2917
Calculate the remainder when 271167 is divided by 207.
204
Calculate the remainder when 1065144 is divided by 532543.
58
Calculate the remainder when 10117909 is divided by 53.
50
What is the remainder when 3758005 is divided